Suppose 0*j - 4*j = -y + 16, 4*j = -y - 16. Let s(v) = -v**2 - 5*v + 1. Let m be s(j). List the prime factors of (7/m)/(4/140).
7
Let k(g) = 11*g**2 - 4*g - 4. Let l = 12 - 16. Let m be k(l). Suppose 2*n = -4*x + m, -4*n - 220 = -5*x + n. List the prime factors of x.
2, 23
Suppose 4*z = 87 + 1. Let v = z - 48. Let j = 91 + v. List the prime factors of j.
5, 13
Let f(p) = 4*p**2 + 2*p + 1. Let b be f(-5). Let n = b + -29. What are the prime factors of n?
2, 31
Let h be ((-5)/(10/(-4)))/(-2). Let q(d) = -14*d**2 + 2. Let m(k) = -14*k**2 + 1. Let i(t) = -3*m(t) + 2*q(t). List the prime factors of i(h).
3, 5
Let v(d) = 150*d**2 - 142*d**2 - 3 - 1. What are the prime factors of v(-2)?
2, 7
Suppose 4 = g - 1. Suppose 0 = -w - 4*m + 10, -w + g = 2*m - 5. Let t = -8 + w. What are the prime factors of t?
2
Suppose 22*i + 13052 = 3*y + 17*i, -i + 8723 = 2*y. What are the prime factors of y?
3, 1453
Suppose -39 = -5*a - 4*p, 9 = 3*a + 3*p - 15. Let g = -67 - -167. Suppose 0 = -a*t + 3*t + g. What are the prime factors of t?
5
Suppose 47*d - 28727 = 16628. What are the prime factors of d?
5, 193
Suppose -m - 2 = 3*n - 2*n, -22 = -5*m + 3*n. Suppose 49 = -m*d + 195. List the prime factors of d.
73
Let h = 178 - 125. Let j(s) = -13*s - 3. Let q be j(-3). Let k = h - q. What are the prime factors of k?
17
Suppose 3*g - 147 = 240. List the prime factors of g.
3, 43
Let d = 1105 + -576. What are the prime factors of d?
23
Suppose -11*a + 1024 = -7*a. Let q = a - 173. What are the prime factors of q?
83
Let q(c) = -272*c**3 - 3*c**2 - 4*c - 6. List the prime factors of q(-2).
2, 3, 19
Suppose 0 = 3*q + 2*u - 52, 3*q + 5*u - 63 = -14. What are the prime factors of q?
2, 3
Suppose -2*c + 266 = -676. What are the prime factors of c?
3, 157
What are the prime factors of 462*(-9)/(-6) - 0/(-1)?
3, 7, 11
List the prime factors of 4804*(-13)/(-104)*8*1.
2, 1201
Let s = 6 + -1. Suppose -1 + 4 = -2*h + s*y, 0 = -4*h - y - 61. Let n = 23 + h. What are the prime factors of n?
3
Suppose 1068 = a - 201. List the prime factors of a.
3, 47
Suppose 20*l = 24*l + 168. Let y = l + 79. What are the prime factors of y?
37
Let s(i) = -i**3 + 15*i**2 - 23*i + 16. Let w be s(11). What are the prime factors of (w/(-2))/(8/(-16))?
13, 19
Suppose -l - 4*b - 10 = 0, b = -3*b - 8. Let s(t) = -38*t - 1. List the prime factors of s(l).
3, 5
Let f = -28 + 50. Let d = 25 - f. Suppose -d*v - 8 = -4*v. List the prime factors of v.
2
Suppose u - 11*o - 25 = -6*o, -4*u + 100 = 4*o. Suppose 0*c + c - 18 = 0. Let i = u - c. List the prime factors of i.
7
Suppose -y = -3*b - 50, 4*y + b + 10 - 158 = 0. What are the prime factors of ((-3)/2)/((-1)/y)?
3, 19
Let q(m) = 4 + 17*m**2 - 3*m + 0*m**2 - 7. List the prime factors of q(-2).
71
Suppose -23*m - 27*m = -122950. What are the prime factors of m?
2459
Suppose 3*j = -2*j + 50. Let d be (-16)/j*(-15)/6. Suppose d*n - 29 = 3. List the prime factors of n.
2
List the prime factors of (6/10)/((-17)/(-850)).
2, 3, 5
Let r = 1234 + -838. Suppose 199*o = 197*o + r. List the prime factors of o.
2, 3, 11
Let b = -80 + 162. Suppose w + b = 3*t - 57, -5*t = -3*w - 237. Let h = t - 26. What are the prime factors of h?
19
Let l(z) = -3*z**3 - 40*z**2 - 12*z - 8. What are the prime factors of l(-15)?
1297
Let m be (-2)/(-4) + (-716)/(-8). Suppose -m = -6*r + 3*r. Suppose x = -4*x + r. List the prime factors of x.
2, 3
Let m = 79 - 79. Suppose m = -9*z - 3*z + 3708. What are the prime factors of z?
3, 103
Let q be ((-42)/56)/(1/(-184)). List the prime factors of (-46)/(-4)*q/23.
3, 23
Suppose -2*z - 2904 = -3*x, 4*x + 10*z - 8*z = 3872. What are the prime factors of x?
2, 11
Let u(h) = 2*h**3 + 91*h**2 + 28*h + 51. List the prime factors of u(-45).
2, 3, 17
Suppose -5*h + 3*g - 26 = 0, -3*h - 5*g - 10 - 26 = 0. Let i = -8 - h. Let a(c) = -44*c**3 - c**2 + 2*c + 2. What are the prime factors of a(i)?
43
Let y = -41 - -41. Suppose -8*a + 11*a - 108 = y. What are the prime factors of a?
2, 3
What are the prime factors of (-14 + 16)/((-8)/(-828))?
3, 23
Let n be (-5904)/(-14) - (-20)/70. Suppose n = -8*a + 10*a. What are the prime factors of a?
211
Let z(n) = -n**2 + 2*n + 19. Let d be z(5). Suppose d*x + 476 = 2*p, -4*p - 4*x + 47 = -881. List the prime factors of p.
2, 3, 13
Let q = 838 + 306. What are the prime factors of q?
2, 11, 13
Suppose -20 = 3*k + 2*k. Let x be (-3)/(-2) + 2/k. What are the prime factors of x/((-3)/24)*-1?
2
Let p(g) = 7*g**2 - 8*g - 5. Let c be p(-5). Suppose s - 93 = -d + 3*d, -2*d + c = 2*s. What are the prime factors of s?
101
Suppose 4*z = 4*h - 0*z - 2268, 0 = -5*h + 2*z + 2823. What are the prime factors of h?
563
Let l(q) = 4*q + 1. Let t(p) = -p - 1. Let r(v) = l(v) + 3*t(v). Let o be r(4). Suppose 0 = -n + o. List the prime factors of n.
2
Suppose 2 - 7 = -i. Suppose 4*s - 360 = 4*a, 0 = 2*s - i*s + 2*a + 269. Suppose -5*l + 66 = 4*f, 0 = 5*f + 3*l - 0*l - s. What are the prime factors of f?
19
Suppose 188464 - 66100 = 36*z. What are the prime factors of z?
3, 11, 103
Suppose -36*p + 34*p = -3796. What are the prime factors of p?
2, 13, 73
Let p(i) = 24*i - 8. Let f(h) = h - 1. Let g(z) = -2*f(z) - p(z). Let l be g(-5). Suppose -9*t = -13*t + l. What are the prime factors of t?
5, 7
Let n(x) = -x**3 + 28*x**2 + 3*x - 42. List the prime factors of n(27).
2, 3
Let v = -79 + 121. What are the prime factors of v?
2, 3, 7
List the prime factors of (46/(-4) + 2)*(-98 - 8).
19, 53
Suppose 0 = -q - 3*m + 342, 4*m - 30 - 656 = -2*q. List the prime factors of q.
3, 5, 23
Suppose -501*a = -504*a + 8757. What are the prime factors of a?
3, 7, 139
Let g(f) = -f**2 + 5*f + 4. Let z be g(4). Let y = z + -5. Suppose 0 = -y*p - 6, -2*o + 5*p - p = -134. List the prime factors of o.
3, 7
Let v(t) = -t**2 + t. Let c(z) = 9*z**2 - z - 1. Let h(a) = c(a) - v(a). List the prime factors of h(-2).
43
Suppose 0 = -2*u + 158 + 374. Let p = -190 + u. What are the prime factors of p?
2, 19
Let u(a) = 28*a**2 - 33*a - 5. What are the prime factors of u(7)?
2, 71
Let b be (-6)/(-39) - 5656/91. Let f be -4 - b/(2 + 0). Suppose 5*k - 18 = f. List the prime factors of k.
3
Let p be 4238/91 - (-3)/7. Suppose -p*k - 1016 = -51*k. List the prime factors of k.
2, 127
Let g(l) = -1 - 12*l + 16*l + 3 + 2*l**3 - 7*l**2. List the prime factors of g(4).
2, 17
Suppose 3*s + 12914 = 4*t + t, -s - 2584 = -t. What are the prime factors of t?
29, 89
Let b = 7 - 9. Let s be b/(-3) + 13/39. What are the prime factors of -2 - (-62 - -4)/s?
2, 7
Let d(w) = 2*w**2 - w + 9. Let v be d(8). Let b = v - 84. List the prime factors of b.
3, 5
Let u(d) = 2*d + 1. Let x be u(-5). Let m be (-186)/x*6/4. Suppose -y - 2*p - 8 = -m, -82 = -4*y - 3*p. What are the prime factors of y?
19
Let s = -6 - -6. Suppose 3*t - 331 = -s*t + i, 0 = -i - 1. What are the prime factors of t?
2, 5, 11
Suppose -25*p + 576 = -17*p. List the prime factors of p.
2, 3
Suppose 4*l = 8*l + g - 8770, 0 = 5*g + 10. List the prime factors of l.
3, 17, 43
Let c = -13 - -11. List the prime factors of (7 - c)*(-28)/(-6).
2, 3, 7
Suppose 2*k - 1327 = 2*a + 2313, 0 = -4*a - 8. What are the prime factors of k?
2, 3, 101
Let c(r) = -33*r - 4. Suppose -j = -2*h + 8, -4*j + 2 = -2*j + 5*h. What are the prime factors of c(j)?
2
Let h(m) = -503*m**3 - m**2 + 1. Let k be h(1). Let n = -356 - k. What are the prime factors of n?
3, 7
Let k be (-164)/(-10) - (-8)/(-20). Suppose z = 2*z - k. Let a = 28 - z. What are the prime factors of a?
2, 3
List the prime factors of 1*10986/4 - (-546)/156.
2, 5, 11
Suppose 5*y = 2*o - 4 + 5, -3*o + 3*y = -21. Let r be (-9)/21 + o/28. Suppose j - 13 = 3*h - r, -25 = -j - 3*h. List the prime factors of j.
19
Let f be (2 - (-14)/(-4))/((-3)/(-4)). Let x = 31 + -69. List the prime factors of (0 - f)*(-12 - x).
2, 13
Let d(w) = w**3 + 15*w**2 - 20*w - 10. Let q be d(-16). Suppose -n = -25 - q. List the prime factors of n.
79
Suppose 3*b + 4*k + 12 = 0, -6 = -b - 4*k - 2. What are the prime factors of ((-20)/b + -3)/((-3)/222)?
37
Suppose -k = 5*y + 18 - 5, -3*y = 0. Let h(t) = t**3 + 14*t**2 + 14*t + 17. Let q be h(k). Let g = 12 + q. What are the prime factors of g?
2
Let c = 224 + -94. Suppose 4*k - 263 = n, -5*k + 2*n + c = -201. What are the prime factors of k?
5, 13
Let k(b) = 0 - 5 + 0*b - b + 